 is 360 + -354 + (8 - 5 - 52)?
-43
Evaluate 37 - ((-12 + 26 - 33) + 11) - -4.
49
What is -28 + (53 + 31 - 93)?
-37
What is (-18 - (-33 - -20)) + (5 - (0 - 2))?
2
Evaluate 757 + -767 - (-30 + (4 - 0)).
16
Evaluate -3 + 51 + 0 - 51.
-3
What is 9 + (-26 - (6 - 14) - -5 - (-1 - 59))?
56
Evaluate -14 - -13 - (-152 + 131).
20
Calculate -50 - -17 - -58 - 47.
-22
Calculate 23 - (-1 + -3 + (45 - 39)) - (-42 + 31).
32
Evaluate -12 + (-32 - (-10 + -36)) + (-1 - (106 + 1)).
-106
Calculate 116 - 185 - -78 - -89.
98
What is (260 - 61) + -118 + -10?
71
What is the value of 109 + -116 - -12 - (-13 + 1 + -3 + -2)?
22
Calculate -46 + 12 + 46 + 44.
56
Calculate (-13 - 54) + ((-16 - -38) + -16 - 0).
-61
Evaluate 18 + (24 + (-4 - 60) - -24).
2
0 + -3 - (-43 - (22 + -42 + 10))
30
Evaluate 7 + -1 + (-308 + 301 - (-1 + -3)).
3
What is (33 - (6 + 6)) + -12 + (-1 - 5)?
3
Calculate 41 + (47 - 148) + 135.
75
What is -93 + (12 - 3 - 0 - (43 - 46)) + 13?
-68
What is the value of 2 - 10 - 13 - (10 - 22)?
-9
Calculate 13 - 60 - 25 - -18.
-54
-17 - (-35 + 0 - (-105 - -55 - -46))
14
What is -4 + 69 + (-8 - 32)?
25
Calculate 0 - (40 - 21 - -10) - -27.
-2
What is the value of -29 + (-2 - (10 + -36)) + 0 + 58?
53
What is the value of -2 - (-9 + 2 + -2 + 6 + -3) - -4?
8
Calculate -59 + 7 + (-18 - 7) + (-22 - -27).
-72
What is 2 - (-3 + 2 + 4) - 9 - (-445 + 381)?
54
Evaluate (8 + -13 + 3 - -8) + -11 + (-57 - -19).
-43
Calculate 33 + 25 + -46 + (-13 - 3).
-4
(-5 - 134 - (-40 - -3)) + 0 + -8
-110
What is (1 - 41) + -1739 + 1778?
-1
92 - 18 - 74 - (1 + 0 - -40)
-41
Evaluate -538 + 551 + (3 - 3) + -7.
6
Evaluate (-7 - 31) + -13 - -4.
-47
Calculate ((-4 - 1) + 27 + -2 - (47 - 45)) + 5.
23
-1220 + 1168 - (2 + -96)
42
What is -12 - (-61 + (19 - 10 - 17))?
57
Calculate 96 + -159 - -74 - (-21 - (4 - (5 + 2))).
29
What is (-2233 - -2226) + (-27 - 1)?
-35
What is the value of -15 + -12 - -17 - -15 - (1 - 29)?
33
Calculate -17 + (-20 + 89 - 1) + (-11 - -1).
41
Calculate -1 + 41 - (-11 + 29 + 50 + -71).
43
-20 + 79 + (10 - 8) + (-3 - -16) + 5
79
Calculate (14 + 3 - 18) + -17 + 15.
-3
Evaluate (-2 - -2 - (1 + 0 + 32)) + (13139 - 13142).
-36
What is -78 + -18 + -43 + 27 - (-12 - 0)?
-100
What is the value of 9 - (4 - (-29 + 35 + (4 - 9)) - 1)?
7
Calculate 4 + 5 + 0 - (-22 + -24) - (2 - -2).
51
Calculate 4 + (0 + -25 - (-750 + 682)).
47
27 - (-1 + (-30 - -74))
-16
-1 + -17 + -2709 + 2688
-39
What is the value of -55 - (-10 - 48) - -35?
38
What is 267 - 274 - (-3 - -2 - -60) - -16?
-50
Evaluate -96 + 70 + 59 + -53.
-20
Calculate 0 - -105 - (-22698 + 22825).
-22
What is the value of (-5 - -1) + (-71 - 0 - (2 - 9 - -13))?
-81
Evaluate 120 + -92 - 37 - (-5 - -47 - (-1 + 0)).
-52
What is the value of (-13 + -16 - -15 - -22) + -26?
-18
What is -22 + -8 - ((-62 - -70) + -38)?
0
Evaluate -36 + (-7 - -6 - 12) + (24 - 9).
-34
105 - ((-2 - 0) + (67 - 22 - 29))
91
Calculate 132 + -139 + -2 - (24 - -1).
-34
(31 - (14 + 7) - 47) + 22 - -48
33
Calculate (-6 - ((19 - 1) + (-32 - -28))) + 18.
-2
What is the value of 5 + 1 - (1 - (-3 + -9)) - -6?
-1
What is the value of -83 + ((-13 - (-5 + -21)) + -13 - -17)?
-66
104 - ((-1000 - -1049) + (0 - 32))
87
What is the value of (-2 + 2 + (-18 - -8) - 17) + -3 + 6?
-24
What is -15 - (1 - (-1 + -4) - (-6 + 2 - -34))?
9
What is the value of (-25 - (-68 - -15) - 24) + (-8 - 1)?
-5
Evaluate (-3 - -3) + 64 + (-5 - (2 + -8 + -2)).
67
What is 51 + -43 - (6 + 3) - (-2 + 1 + 11)?
-11
What is (-9 - (-12 - -18)) + 45 + 10 + -6?
34
(-22 - (20 + 11 + -24) - -10) + 10
-9
Evaluate -1 + 0 + 1 - (-38 - (79 - 129)).
-12
What is the value of 49 + (3 - (-43 - -17)) + 17?
95
-29 - (-10 + -1 + 76 + -3 + -54)
-37
What is the value of (15 - -5) + 1 + 0 - (30 - (6 + 31))?
28
What is the value of -18 + 9 + 19 + 89?
99
Calculate 1 - -1 - ((1 - 61) + 2) - (1181 + -1176).
55
Evaluate -486 + (113 - -432) - (1 - (-12 - 0)).
46
What is the value of -3 - (7 - (-34 + 6 + 2 + -9 + -1))?
-46
Calculate (8 - -3) + 5 + -24 + 5.
-3
Evaluate -21 + (68 + -23 - (-2 + 1)).
25
Evaluate 1 + (61 - (-46 - -11)).
97
Evaluate -7 + -8 + 5 + (40 + 4 - -4) + -6.
32
What is 1 + 3 + (14 - (-23 - 0)) + -14?
27
What is the value of (2 + 34 - -2) + (-2 - (15 - 0)) + 9?
30
What is 95 - (97 - (7 - -23))?
28
What is the value of 63 - 188 - -25 - -107?
7
Evaluate 1 + 1 + 2 + -5 + (-43 - -42).
-2
What is the value of -5 - -19 - ((3 + 1 - -49) + -6)?
-33
What is (-47 - (-3 - -4) - -4) + (23 - 15 - 3)?
-39
What is (5 - (0 - 1)) + -31 + 84 + -70?
-11
Evaluate -1 + 1 - (-7 + -11) - 5 - (225 - 110).
-102
What is the value of -5 + 10 - (-15 + 32 + -38 + 108)?
-82
Evaluate -95 + (-5 + 18 - (0 - (-5 + 0) - -5)).
-92
Calculate 0 - -1 - (3 + -1 + -192 + 202).
-11
What is the value of (-2 - -14 - (-2 + -1)) + 2769 + -2705?
79
What is the value of (223 - (-90 + 220)) + -70?
23
Calculate 7 + (-1 - (-13 - -5 - (2 + -55))).
-39
What is the value of (21 - 82) + (16 - -36)?
-9
Evaluate 7 + (-86 + 27 - (-9 + 15 + 6)).
-64
What is 21 + (3 + 8 - 72 - -17)?
-23
Evaluate -1 + 0 - 17 - (-117 + (-99 - -152)).
46
Calculate -31 + -2 + -14 + 26 - 60.
-81
Evaluate -13 + 3 + 19 + -2 + -19.
-12
Calculate (7 - (22 - 23 - (1 - 0) - -6)) + 67.
70
-62 - (-36 + 24 + -35)
-15
Evaluate (38 - 0) + (4 - -21) - 25.
38
-2534 + 2557 - (73 + 1)
-51
Calculate (3415 - 3389) + 1 + -70.
-43
70 + 74 + 2 + -181
-35
Evaluate 71 + (-7 - -3) + -111.
-44
Evaluate -10 - (20 + 5 + -91 + 18).
38
Evaluate (-68 - -67) + (-21 - (23 - -32)).
-77
Calculate 0 - 1 - (1 + -1 - (165 + -172)) - 5.
-13
What is the value of 14 + (-280 - -329 - (0 + 14)) + 6?
55
What is (-16 - 31) + 39 - -27?
19
What is the value of (-10 + 9 - -4 - -4) + 4 + -48?
-37
What is the value of -18 + 10 - 3 - (3 - (-8 - -2))?
-20
Evaluate 18 - (-12 + -4 + -18 + -11 + 1).
62
Calculate -75 - (19 + (4 + -30 - (25 + -33))).
-76
What is the value of (-45 - (-19 + 29)) + 12 + -5?
-48
Calculate 29 + -50 + 16 + 3.
-2
What is (-153 - -67) + 14 - -9?
-63
Evaluate (77 - (-24 + 90)) + (-16 - 1) + 110.
104
What is (7 + -25 - -36) + 55 + (-12 - -1)?
62
74 + (10 - (15 + -3 + (17 - 14)))
69
22 + -22 + 6 + 70 - (5 + -4)
75
Calculate -27 - (2 + -2) - (-1202 - -1212).
-37
What is the value of 27 + -6 - (2 - (-10 + (15 - 5)))?
19
Calculate 89 + (19 - ((12 - 29) + 35)).
90
Calculate -72 - -6 - (-3143 + 3008).
69
What is -35 - (-90 + (8 - 31)) - 8?
70
What is the value of (-5 + -7 - -7) + 5 + (70 - 10) + -5?
55
Evaluate 27 + (-75 - -61 - (-2 + -5)) + 10.
30
What is the value of 3 + -13 + (9 - ((-6 - 5) + -2 - -22))?
-10
Evaluate -2 + (-20 - (-17 + (22 - (-1 + 23)))).
-5
-35 - (26 - 16) - (15 - -5)
-65
What is 28 - 65 - (-2 - -8 - (25 - 20))?
-38
What is -33 + 19 + (14 + -2 - -1)?
-1
6 - (-3 - 1 - -6) - (8 + 47 - -5)
-56
What is the value of -37 - (-84 + 18 + 34)?
-5
Evaluate -61 + 23 - (-9 - -6 - -29).
-64
Calculate 6 + (21 - 34) + 83.
76
Evaluate -20 + (-16 + -1 + 7 + 11 + -3 - 7).
-29
-13 + (-11 + -8 + 10 - -14 - -12)
4
-108 + (45 - (-27 + -91))
55
(191 - 151) + (-19 - -52)
73
Evaluate -64 - (13 + -4) - 13.
-86
What is the value of 1 + 20 - (109 - 99) - -13?
24
What is (-12 + 2 - (131 + -145)) + -7 + -41?
-44
What is the value of 6 - (-3 - (48 + (-6 - 6) - 10))?
35
What is the value of 139 - (-16 - -48) - 44?
63
151 + -150 + 6 + -28
-21
What is the value of 1 + (1 - (28 + -17 + 6)) - 2?
-17
Evaluate -85 + (202 - 71 - 62).
-16
Evaluate -23 + (-14 - ((11 - (2 + -3)) + -383 + 351)).
-17
Evaluate -1 - -1 - (81 - (-106 + (34 - -30))).
-123
What is the value of 6 + -17 + (-2 - -12 - (4 - 0))?
-5
What is the value of 19 + -45 + 41 + -32?
-17
Calculate 30 + -5 + 47 + -57 + (-7 - -5 - 4).
9
(243 - (105 + -77)) + -95
120
Calculate 18 + (-4 + (-18 - -31) - -6).
33
-33 + -41 + (-38 - -2) + 70
-40
Evaluate -19 + -2 + 451 + -505 - -10.
-65
Evaluate -273 + 284 + (6 - 0 - 4) + 18.
31
Evaluate 0 + (1 - 1) + -10 + (-118 - -161).
33
Evaluate (0 - (-4 - -7)) + (-719 - -676).
-46
What is 49 - (-13 + -3 + 7 - -23)?
35
What is the value of 10 + (53 - 60) + (9 - -2)?
14
-60 + ((-123 - -31) + 74 - (-28 - -1))
-51
What is (-42 + 29 - -24 - 57) + 9?
-37
Calculate 13 + 4 - 11 - (-14 + -49 + 30).
39
Calculate 5 + -2 + -6 + 12 + 0 + (7 - 16).
0
What is ((20 - 6) + -28 - 67) + -1 + 15?
-67
Calculate 99 + -47 - (-42 + 18 + 52).
24
Evaluate (-4 + 6 - -12) + 21 + -22 + -7.
